{"id":2,"date":"2017-07-12T19:00:51","date_gmt":"2017-07-12T17:00:51","guid":{"rendered":"http:\/\/chrystelprof.fr\/?page_id=2"},"modified":"2020-07-23T14:35:05","modified_gmt":"2020-07-23T12:35:05","slug":"page-d-exemple","status":"publish","type":"page","link":"https:\/\/chrystelprof.fr\/?page_id=2","title":{"rendered":"Les programmes, en r\u00e9sum\u00e9"},"content":{"rendered":"<p>=&gt; <a href=\"http:\/\/chrystelprof.fr\/wp-content\/uploads\/2020\/07\/progTleSpePhychim2020.pdf\">Programme<\/a> de sp\u00e9cialit\u00e9 Physique-chimie en Terminale\/2020<\/p>\n<p>=&gt; <a href=\"http:\/\/chrystelprof.fr\/wp-content\/uploads\/2020\/07\/ProgTleSpeMaths2020.pdf\">Programme<\/a> de sp\u00e9cialit\u00e9 Math\u00e9matiques en Terminale\/2020<\/p>\n<p><a href=\"http:\/\/chrystelprof.fr\/wp-content\/uploads\/2019\/06\/prog1ereSphyChim2019.pdf\" target=\"_blank\" rel=\"noopener noreferrer\">=&gt; Programme<\/a> de sp\u00e9cialit\u00e9 Physique-chimie en Premi\u00e8re\/ 2019<\/p>\n<p><a href=\"http:\/\/chrystelprof.fr\/wp-content\/uploads\/2019\/06\/prog1ereMaths2019.pdf\" target=\"_blank\" rel=\"noopener noreferrer\">=&gt; Programme<\/a> de sp\u00e9cialit\u00e9 Math\u00e9matiques en Premi\u00e8re\/ 2019<\/p>\n<p>=&gt; <a href=\"http:\/\/chrystelprof.fr\/wp-content\/uploads\/2019\/06\/prog2dePhyChim2019.pdf\">Programme<\/a> de Physique-chimie en Seconde\/2019<\/p>\n<p>=&gt; <a href=\"http:\/\/chrystelprof.fr\/wp-content\/uploads\/2020\/02\/prog2deMath2019.pdf\">Programme<\/a> de Math\u00e9matiques en Seconde \/ 2019<\/p>\n<p>=&gt; <a href=\"http:\/\/chrystelprof.fr\/wp-content\/uploads\/2020\/07\/Prog3Math2018.pdf\">Programme<\/a> de Math\u00e9matiques en Troisi\u00e8me<\/p>\n","protected":false},"excerpt":{"rendered":"<p>=&gt; Programme de sp\u00e9cialit\u00e9 Physique-chimie en Terminale\/2020 =&gt; Programme de sp\u00e9cialit\u00e9 Math\u00e9matiques en Terminale\/2020 =&gt; Programme de sp\u00e9cialit\u00e9 Physique-chimie en Premi\u00e8re\/ 2019 =&gt; Programme de sp\u00e9cialit\u00e9 Math\u00e9matiques en Premi\u00e8re\/ 2019 =&gt; Programme de Physique-chimie en Seconde\/2019 =&gt; Programme de Math\u00e9matiques en Seconde \/ 2019 =&gt; Programme de Math\u00e9matiques en Troisi\u00e8me<\/p>\n","protected":false},"author":1,"featured_media":0,"parent":64,"menu_order":0,"comment_status":"closed","ping_status":"open","template":"","meta":{"footnotes":""},"_links":{"self":[{"href":"https:\/\/chrystelprof.fr\/index.php?rest_route=\/wp\/v2\/pages\/2"}],"collection":[{"href":"https:\/\/chrystelprof.fr\/index.php?rest_route=\/wp\/v2\/pages"}],"about":[{"href":"https:\/\/chrystelprof.fr\/index.php?rest_route=\/wp\/v2\/types\/page"}],"author":[{"embeddable":true,"href":"https:\/\/chrystelprof.fr\/index.php?rest_route=\/wp\/v2\/users\/1"}],"replies":[{"embeddable":true,"href":"https:\/\/chrystelprof.fr\/index.php?rest_route=%2Fwp%2Fv2%2Fcomments&post=2"}],"version-history":[{"count":20,"href":"https:\/\/chrystelprof.fr\/index.php?rest_route=\/wp\/v2\/pages\/2\/revisions"}],"predecessor-version":[{"id":261,"href":"https:\/\/chrystelprof.fr\/index.php?rest_route=\/wp\/v2\/pages\/2\/revisions\/261"}],"up":[{"embeddable":true,"href":"https:\/\/chrystelprof.fr\/index.php?rest_route=\/wp\/v2\/pages\/64"}],"wp:attachment":[{"href":"https:\/\/chrystelprof.fr\/index.php?rest_route=%2Fwp%2Fv2%2Fmedia&parent=2"}],"curies":[{"name":"wp","href":"https:\/\/api.w.org\/{rel}","templated":true}]}}