{"id":54,"date":"2017-07-13T03:00:51","date_gmt":"2017-07-13T01:00:51","guid":{"rendered":"http:\/\/chrystelprof.fr\/?page_id=54"},"modified":"2026-03-29T11:23:58","modified_gmt":"2026-03-29T09:23:58","slug":"mes-tarifs","status":"publish","type":"page","link":"https:\/\/chrystelprof.fr\/?page_id=54","title":{"rendered":"Mes tarifs"},"content":{"rendered":"<p><em>Mon activit\u00e9 de professeur ind\u00e9pendant est immatricul\u00e9e \u00e0<br \/>\nl&rsquo;Urssaf (H\u00e9rigault Chrystel, Num\u00e9ro SIRET : 82049337700023).<a href=\"http:\/\/www.lautoentrepreneur.fr\/index.htm\" rel=\"attachment wp-att-241\"><img loading=\"lazy\" decoding=\"async\" class=\"alignright wp-image-241 size-full\" src=\"http:\/\/chrystelprof.fr\/wp-content\/uploads\/2017\/07\/logo_AE.gif\" alt=\"logo_AE\" width=\"240\" height=\"80\" \/><\/a><\/em><\/p>\n<p>Le prix de l&rsquo;heure de cours varie selon :<\/p>\n<ul>\n<li>la classe de l&rsquo;\u00e9l\u00e8ve (son niveau)<\/li>\n<li>paiement\/d\u00e9claration CESU ou non<\/li>\n<li>pr\u00e9sentiel ou cours en ligne<\/li>\n<li>le nombre d&rsquo;heures engag\u00e9es<\/li>\n<\/ul>\n<p>Pour les cours r\u00e9guliers, une facture mensuelle est fournie \u00e0<br \/>\nl\u2019employeur. Sinon, c&rsquo;est une facture par stage bien s\u00fbr.<\/p>\n<h6>1) tarifs<\/h6>\n<p align=\"left\"><span style=\"color: #000000;\"><span style=\"font-family: Verdana,sans-serif;\"><span style=\"font-size: medium;\">Je propose une <strong><span style=\"color: #ff6600;\"><em>tarification libre et consciente<\/em><\/span><\/strong><br \/>\n: \u00e0 vous de choisir le tarif dans une fourchette de prix fournie dans<br \/>\nce tableau :<\/span><\/span><\/span><\/p>\n<table style=\"width: 502px; height: 605px;\">\n<tbody>\n<tr>\n<td colspan=\"2\" rowspan=\"2\" width=\"132\">Niveau<\/td>\n<td style=\"text-align: center;\" colspan=\"3\" width=\"274\">l&rsquo;heure<\/td>\n<\/tr>\n<tr>\n<td width=\"123\"><strong> CESU<\/strong>(avant d\u00e9duction fiscale)<\/td>\n<td style=\"text-align: center;\" width=\"151\">en ligne ou \u00e0 mon<br \/>\ndomicile<\/td>\n<td style=\"text-align: center;\" width=\"151\">\u00e0 Rennes<\/td>\n<\/tr>\n<tr>\n<td style=\"text-align: center;\" colspan=\"2\" width=\"132\"><span style=\"color: #0000ff;\">Coll\u00e8ge<\/span><\/td>\n<td width=\"123\"><span style=\"color: #000000;\"><span style=\"font-family: Verdana,sans-serif;\"><span style=\"font-size: medium;\"><span style=\"color: #0070c1;\">Entre<br \/>\n21 et<\/span> <span style=\"color: #0070c1;\">31 <\/span><span style=\"color: #0070c1;\">\u20ac<\/span><\/span><\/span><\/span><\/td>\n<td width=\"151\"><span style=\"color: #000000;\"><span style=\"font-family: Verdana,sans-serif;\"><span style=\"font-size: medium;\"><span style=\"color: #0070c1;\">Entre<br \/>\n22 et 32 \u20ac<\/span><\/span><\/span><\/span><\/td>\n<td width=\"151\"><span style=\"color: #000000;\"><span style=\"font-family: Verdana,sans-serif;\"><span style=\"font-size: medium;\"><span style=\"color: #0070c1;\">Entre<br \/>\n26 et 36 \u20ac<\/span><\/span><\/span><\/span><\/td>\n<\/tr>\n<tr>\n<td style=\"text-align: center;\" rowspan=\"3\" width=\"76\"><span style=\"color: #800080;\">Lyc\u00e9e<\/span><\/td>\n<td width=\"57\"><span style=\"color: #800080;\">2de<\/span><\/td>\n<td width=\"123\"><span style=\"color: #6600cc;\"><span style=\"font-family: Verdana,sans-serif;\"><span style=\"font-size: medium;\">Entre 23 et 33 \u20ac<\/span><\/span><\/span><\/td>\n<td width=\"151\"><span style=\"color: #6600cc;\"><span style=\"font-family: Verdana,sans-serif;\"><span style=\"font-size: medium;\">Entre 24 et 34 \u20ac<\/span><\/span><\/span><\/td>\n<td width=\"151\"><span style=\"color: #6600cc;\"><span style=\"font-family: Verdana,sans-serif;\"><span style=\"font-size: medium;\">Entre 28 et 38 \u20ac<\/span><\/span><\/span><\/td>\n<\/tr>\n<tr>\n<td width=\"57\"><span style=\"color: #800080;\">1\u00e8re<\/span><\/td>\n<td width=\"123\"><span style=\"color: #6600cc;\"><span style=\"font-family: Verdana,sans-serif;\"><span style=\"font-size: medium;\">Entre 25 et 35 \u20ac<\/span><\/span><\/span><\/td>\n<td width=\"151\"><span style=\"color: #6600cc;\"><span style=\"font-family: Verdana,sans-serif;\"><span style=\"font-size: medium;\">Entre 26 et 36 \u20ac<\/span><\/span><\/span><\/td>\n<td width=\"151\"><span style=\"color: #6600cc;\"><span style=\"font-family: Verdana,sans-serif;\"><span style=\"font-size: medium;\">Entre 30 et 40 \u20ac<\/span><\/span><\/span><\/td>\n<\/tr>\n<tr>\n<td width=\"57\"><span style=\"color: #800080;\">Tale<\/span><\/td>\n<td width=\"123\"><span style=\"color: #6600cc;\"><span style=\"font-family: Verdana,sans-serif;\"><span style=\"font-size: medium;\">Entre 27 et 37 \u20ac<\/span><\/span><\/span><\/td>\n<td width=\"151\"><span style=\"color: #6600cc;\"><span style=\"font-family: Verdana,sans-serif;\"><span style=\"font-size: medium;\">Entre 28 et 38 \u20ac<\/span><\/span><\/span><\/td>\n<td width=\"151\"><span style=\"color: #6600cc;\"><span style=\"font-family: Verdana,sans-serif;\"><span style=\"font-size: medium;\">Entre 33 et 43 \u20ac<\/span><\/span><\/span><\/td>\n<\/tr>\n<tr>\n<td style=\"text-align: center;\" colspan=\"2\" width=\"132\"><span style=\"color: #339966;\">Bac+1<\/span><\/td>\n<td width=\"123\"><span style=\"color: #6600cc;\"><span style=\"font-family: Verdana,sans-serif;\"><span style=\"font-size: medium;\"><span style=\"color: #009342;\">Entre<br \/>\n30 et 40 \u20ac<\/span><\/span><\/span><\/span><\/td>\n<td width=\"151\"><span style=\"color: #6600cc;\"><span style=\"font-family: Verdana,sans-serif;\"><span style=\"font-size: medium;\"><span style=\"color: #009342;\">Entre<br \/>\n31 et 41 \u20ac<\/span><\/span><\/span><\/span><\/td>\n<td width=\"151\"><span style=\"color: #6600cc;\"><span style=\"font-family: Verdana,sans-serif;\"><span style=\"font-size: medium;\"><span style=\"color: #009342;\">Entre<br \/>\n37 et 47 \u20ac<\/span><\/span><\/span><\/span><\/td>\n<\/tr>\n<\/tbody>\n<\/table>\n<p><span style=\"color: #800000;\">Tarif CESU : remboursement<br \/>\n(d&rsquo;imp\u00f4t) de 50% sur le total d\u00e9pens\u00e9<\/span><\/p>\n<p>Stage de +de 5h\/semaine : environ 5% de r\u00e9duction<\/p>\n<p><span style=\"font-weight: bold;\">2) Modes de paiement :<\/span><\/p>\n<p style=\"padding-left: 30px;\">=&gt; ch\u00e8que, esp\u00e8ces, virement<\/p>\n<p style=\"padding-left: 30px;\">=&gt; <span style=\"color: #800000;\">paiement \u00ab\u00a0CESU\u00a0\u00bb : ch\u00e8que, esp\u00e8ces,<br \/>\nvirement<br \/>\nDans le cadre du dispositif CESU, il appartient \u00e0 l\u2019employeur de<br \/>\nproc\u00e9der aux d\u00e9clarations sociales chaque fin de mois.<br \/>\n<\/span><img loading=\"lazy\" decoding=\"async\" class=\"alignright wp-image-244 size-medium\" src=\"http:\/\/chrystelprof.fr\/wp-content\/uploads\/2017\/07\/logo_cesu-300x18.jpg\" alt=\"logo_cesu\" width=\"300\" height=\"18\" \/><\/p>\n<h6><span style=\"color: #800000;\">Exemple avec CESU :<\/span><\/h6>\n<table>\n<tbody>\n<tr>\n<td width=\"262\"><span style=\"color: #800000;\">1) Tarif<br \/>\nhoraire avec CESU. <\/span><span style=\"color: #800000;\">Exemple<br \/>\n: heure \u00e0<strong><em> 24 \u20ac, <\/em><\/strong><\/span><span style=\"color: #800000;\">\u00e0 r\u00e9gler \u00e0 l&#8217;employ\u00e9e<\/span><\/td>\n<td width=\"312\"><span style=\"color: #800000;\">L\u2019employeur,<br \/>\nr\u00e8gle 24 \u20ac puis les charges \u00e0 l&rsquo;URSSAF : <\/span><span style=\"color: #800000;\">exemple : environ 85% du tarif, soit<br \/>\n85% de 24 \u20ac = = 20,40 \u20ac<\/span><\/td>\n<\/tr>\n<tr>\n<td width=\"262\"><span style=\"color: #800000;\">2) co\u00fbt total<strong><br \/>\navant<\/strong> remboursement<\/span><\/td>\n<td width=\"312\"><span style=\"color: #800000;\">donc avant<br \/>\nimp\u00f4t, la d\u00e9pense est de 24+20,4=44,4 \u20ac<\/span><\/td>\n<\/tr>\n<tr>\n<td width=\"262\"><span style=\"color: #800000;\">3)co\u00fbt total<br \/>\n<strong>apr\u00e8s<\/strong> remboursement :<\/span><span style=\"color: #800000;\"> Pour l\u2019employeur, l\u2019heure vaut de 75 \u00e0<br \/>\n90 % environ du tarif, apr\u00e8s ajout des charges sociales et r\u00e9duction<br \/>\nd\u2019imp\u00f4t de 50%<\/span><\/td>\n<td width=\"312\"><span style=\"color: #800000;\"><span style=\"color: #800000;\">Apr\u00e8s r\u00e9duction d\u2019imp\u00f4t<\/span><\/span><span style=\"color: #800000;\">44,4 \u20ac * 50% = <strong><em>22,20 \u20ac<\/em><\/strong><\/span><\/td>\n<\/tr>\n<\/tbody>\n<\/table>\n","protected":false},"excerpt":{"rendered":"<p>Mon activit\u00e9 de professeur ind\u00e9pendant est immatricul\u00e9e \u00e0 l&rsquo;Urssaf (H\u00e9rigault Chrystel, Num\u00e9ro SIRET : 82049337700023). Le prix de l&rsquo;heure de cours varie selon : la classe de l&rsquo;\u00e9l\u00e8ve (son niveau) paiement\/d\u00e9claration CESU ou non pr\u00e9sentiel ou cours en ligne le nombre d&rsquo;heures engag\u00e9es Pour les cours r\u00e9guliers, une facture mensuelle est fournie \u00e0 l\u2019employeur. Sinon, &hellip; <a href=\"https:\/\/chrystelprof.fr\/?page_id=54\" class=\"more-link\">Continuer la lecture de <span class=\"screen-reader-text\">Mes tarifs<\/span>  <span class=\"meta-nav\">&rarr;<\/span><\/a><\/p>\n","protected":false},"author":1,"featured_media":0,"parent":0,"menu_order":0,"comment_status":"closed","ping_status":"closed","template":"","meta":{"footnotes":""},"_links":{"self":[{"href":"https:\/\/chrystelprof.fr\/index.php?rest_route=\/wp\/v2\/pages\/54"}],"collection":[{"href":"https:\/\/chrystelprof.fr\/index.php?rest_route=\/wp\/v2\/pages"}],"about":[{"href":"https:\/\/chrystelprof.fr\/index.php?rest_route=\/wp\/v2\/types\/page"}],"author":[{"embeddable":true,"href":"https:\/\/chrystelprof.fr\/index.php?rest_route=\/wp\/v2\/users\/1"}],"replies":[{"embeddable":true,"href":"https:\/\/chrystelprof.fr\/index.php?rest_route=%2Fwp%2Fv2%2Fcomments&post=54"}],"version-history":[{"count":30,"href":"https:\/\/chrystelprof.fr\/index.php?rest_route=\/wp\/v2\/pages\/54\/revisions"}],"predecessor-version":[{"id":439,"href":"https:\/\/chrystelprof.fr\/index.php?rest_route=\/wp\/v2\/pages\/54\/revisions\/439"}],"wp:attachment":[{"href":"https:\/\/chrystelprof.fr\/index.php?rest_route=%2Fwp%2Fv2%2Fmedia&parent=54"}],"curies":[{"name":"wp","href":"https:\/\/api.w.org\/{rel}","templated":true}]}}